{"id":71,"date":"2016-10-14T19:41:00","date_gmt":"2016-10-14T17:41:00","guid":{"rendered":"http:\/\/blog.caller-schweiz.de\/?page_id=71"},"modified":"2023-08-27T11:59:29","modified_gmt":"2023-08-27T09:59:29","slug":"muelsborn","status":"publish","type":"page","link":"http:\/\/blog.caller-schweiz.de\/?page_id=71","title":{"rendered":"M\u00fclsborn"},"content":{"rendered":"<p><strong>Wissenswertes und Geschichtliches aus M\u00fclsborn<\/strong><\/p>\n<p>Seit 1217 wird die Adelsfamilie von Moldesborn genannt, die hier ihr Stammhaus hatte. Sie trug zeitweise auch den Beinamen Quaterland. \u00a0In einer Urkunde von 1385 geht es um einen Streit zwischen den Br\u00fcdern Cracht, Henniken und Hinrich von Muldesbern mit dem Stift Meschede um der Markzehnten. Man einigt sich auf einen Vergleich. 1539 wird ein Thonies Schaden von \u201emuldesbern\u201c erw\u00e4hnt. Im 16.\/17. Jahrhundert bestand die Bauernschaft M\u00fclsborn aus drei freien H\u00f6fen und dem Rittergut M\u00fclsborn. Der Hof K\u00fcmmecke soll der \u00e4lteste gewesen sein. Das Rittergut gelangte 1601 in den Besitz von Heinrich von Westphalen, der zur gleichen Zeit auch das Rittergut \u201eHaus Laer\u201c erwarb. Seitdem sind beide G\u00fcter miteinander verbunden. Beim Hof K\u00fcmmecke ging die Erbschaft mehrere Generationen lang auf die T\u00f6chter \u00fcber. Die Besitzer nahmen aber weiterhin den Hofnamen \u201eauf der K\u00fcmmecke\u201c an. Zuletzt erwarben die Grafen von Westphalen den Hof mit allen L\u00e4ndereien und auch dem Wald. Ein um 1920 erstelltes koloriertes Foto zeigt das wohl um 1600 erbaute Haupthaus mit dem tief gezogenen Strohdach. Das Geb\u00e4ude wurde 1925 abgerissen.<\/p>\n<div style=\"width: 1034px\" class=\"wp-caption alignnone\"><img loading=\"lazy\" decoding=\"async\" src=\"http:\/\/blog.caller-schweiz.de\/wp-content\/uploads\/2023\/08\/5_Haus-Kuemmecke-um-1920-1024x719.jpg\" alt=\"\" width=\"1024\" height=\"719\" \/><p class=\"wp-caption-text\">Haus K\u00fcmmecke um 1920<\/p><\/div>\n<p>Auf dem Gutshof der Grafen von Westphalen wird keine Landwirtschaft mehr betrieben. Die Geb\u00e4ude werden in j\u00fcngster Zeit renoviert und f\u00fcr Wohnzwecke hergerichtet.<\/p>\n<p>Zum Gut geh\u00f6rt auch die Kapelle. Sie wurde von dem Grafen Friedrich Wilhelm L.B. von Westphalen gegr\u00fcndet und ist aus Bruchsteinen erbaut. Schutzpatron ist der hl. Johannes von Nepomuk. Sie wurde 1733 eingeweiht. Gem\u00e4\u00df von Stiftungen aus dem Jahr 1779 wurden j\u00e4hrlich drei Messen gelesen. Aufgrund einer weiteren Stiftung wurde auch eine Messe am Namenfest des Schutzpatrons gelesen. Hatte Pfarrer Luigs noch 1847 den totalen Verfall der Kapelle beklagt, war sie 1852 wieder v\u00f6llig hergestellt.<\/p>\n<div style=\"width: 1034px\" class=\"wp-caption alignnone\"><img loading=\"lazy\" decoding=\"async\" src=\"http:\/\/blog.caller-schweiz.de\/wp-content\/uploads\/2023\/08\/4_Johannes-Nepomuk-Kapelle-auf-dem-Gutshof-um-1950-1024x689.jpg\" alt=\"\" width=\"1024\" height=\"689\" \/><p class=\"wp-caption-text\">Johannes-Nepomuk-Kapelle auf dem Gutshof um 1950<\/p><\/div>\n<p>Um 1960 setzte in M\u00fclsborn eine rege Baut\u00e4tigkeit ein. Joh. Arens richtete in seinem Neubau eine Gastwirtschaft ein, die er sp\u00e4ter umbauen lie\u00df und verpachtete. Im Volksmund wurde sie \u201eBockbar\u201c genannt. In M\u00fclsborn wurde bis in die 60er Jahre der Ziegenbock gehalten. Wegen des starken Geruchs musste der Stall abseits von den Wohnh\u00e4usern stehen.<\/p>\n<div style=\"width: 1034px\" class=\"wp-caption alignnone\"><img loading=\"lazy\" decoding=\"async\" src=\"http:\/\/blog.caller-schweiz.de\/wp-content\/uploads\/2023\/08\/1_Muelsborn-mit-alter-Bockstation-vor-1960-1024x703.jpg\" alt=\"\" width=\"1024\" height=\"703\" \/><p class=\"wp-caption-text\">M\u00fclsborn mit alter Bockstation vor 1960<\/p><\/div>\n<div id=\"attachment_498\" style=\"width: 686px\" class=\"wp-caption alignnone\"><a style=\"display: inline !important;\" href=\"http:\/\/blog.caller-schweiz.de\/wp-content\/uploads\/2023\/08\/2_Gemeindevertretung-Calle-mit-Buergermeister-Willi-Grewe-bei-der-neuen-Bockstation-scaled.jpg\"><img loading=\"lazy\" decoding=\"async\" aria-describedby=\"caption-attachment-498\" class=\"wp-image-498 size-large\" src=\"http:\/\/blog.caller-schweiz.de\/wp-content\/uploads\/2023\/08\/2_Gemeindevertretung-Calle-mit-Buergermeister-Willi-Grewe-bei-der-neuen-Bockstation-1024x664.jpg\" alt=\"\" width=\"676\" height=\"438\" srcset=\"http:\/\/blog.caller-schweiz.de\/wp-content\/uploads\/2023\/08\/2_Gemeindevertretung-Calle-mit-Buergermeister-Willi-Grewe-bei-der-neuen-Bockstation-1024x664.jpg 1024w, http:\/\/blog.caller-schweiz.de\/wp-content\/uploads\/2023\/08\/2_Gemeindevertretung-Calle-mit-Buergermeister-Willi-Grewe-bei-der-neuen-Bockstation-300x194.jpg 300w, http:\/\/blog.caller-schweiz.de\/wp-content\/uploads\/2023\/08\/2_Gemeindevertretung-Calle-mit-Buergermeister-Willi-Grewe-bei-der-neuen-Bockstation-768x498.jpg 768w, http:\/\/blog.caller-schweiz.de\/wp-content\/uploads\/2023\/08\/2_Gemeindevertretung-Calle-mit-Buergermeister-Willi-Grewe-bei-der-neuen-Bockstation-1536x996.jpg 1536w, http:\/\/blog.caller-schweiz.de\/wp-content\/uploads\/2023\/08\/2_Gemeindevertretung-Calle-mit-Buergermeister-Willi-Grewe-bei-der-neuen-Bockstation-2048x1327.jpg 2048w, http:\/\/blog.caller-schweiz.de\/wp-content\/uploads\/2023\/08\/2_Gemeindevertretung-Calle-mit-Buergermeister-Willi-Grewe-bei-der-neuen-Bockstation-600x389.jpg 600w, http:\/\/blog.caller-schweiz.de\/wp-content\/uploads\/2023\/08\/2_Gemeindevertretung-Calle-mit-Buergermeister-Willi-Grewe-bei-der-neuen-Bockstation-945x613.jpg 945w\" sizes=\"auto, (max-width: 676px) 100vw, 676px\" \/><\/a><p id=\"caption-attachment-498\" class=\"wp-caption-text\">Gemeindevertretung Calle mit B\u00fcrgermeister Willi Grewe bei der neuen Bockstation<\/p><\/div>\n<p>1978 zog der Klavierbaubetrieb Michael Wenmakers in das \u201eNeubaugebiet\u201c von M\u00fclsborn. Als Klavierstimmer war er \u00fcber die Grenzen des Sauerlandes bekannt. Er handelte mit Klavieren und betrieb eine eigene Reparaturwerkstatt.<\/p>\n<div id=\"attachment_499\" style=\"width: 686px\" class=\"wp-caption alignnone\"><a style=\"display: inline !important;\" href=\"http:\/\/blog.caller-schweiz.de\/wp-content\/uploads\/2023\/08\/3_Muelsborn-um-1980.jpg\"><img loading=\"lazy\" decoding=\"async\" aria-describedby=\"caption-attachment-499\" class=\"wp-image-499 size-large\" src=\"http:\/\/blog.caller-schweiz.de\/wp-content\/uploads\/2023\/08\/3_Muelsborn-um-1980-1024x700.jpg\" alt=\"\" width=\"676\" height=\"462\" srcset=\"http:\/\/blog.caller-schweiz.de\/wp-content\/uploads\/2023\/08\/3_Muelsborn-um-1980-1024x700.jpg 1024w, http:\/\/blog.caller-schweiz.de\/wp-content\/uploads\/2023\/08\/3_Muelsborn-um-1980-300x205.jpg 300w, http:\/\/blog.caller-schweiz.de\/wp-content\/uploads\/2023\/08\/3_Muelsborn-um-1980-768x525.jpg 768w, http:\/\/blog.caller-schweiz.de\/wp-content\/uploads\/2023\/08\/3_Muelsborn-um-1980-1536x1050.jpg 1536w, http:\/\/blog.caller-schweiz.de\/wp-content\/uploads\/2023\/08\/3_Muelsborn-um-1980-600x410.jpg 600w, http:\/\/blog.caller-schweiz.de\/wp-content\/uploads\/2023\/08\/3_Muelsborn-um-1980-945x646.jpg 945w, http:\/\/blog.caller-schweiz.de\/wp-content\/uploads\/2023\/08\/3_Muelsborn-um-1980.jpg 1752w\" sizes=\"auto, (max-width: 676px) 100vw, 676px\" \/><\/a><p id=\"caption-attachment-499\" class=\"wp-caption-text\">M\u00fclsborn um 1980<\/p><\/div>\n<div id=\"attachment_502\" style=\"width: 686px\" class=\"wp-caption alignnone\"><a style=\"display: inline !important;\" href=\"http:\/\/blog.caller-schweiz.de\/wp-content\/uploads\/2023\/08\/6_Muelsborn-2023.jpg\"><img loading=\"lazy\" decoding=\"async\" aria-describedby=\"caption-attachment-502\" class=\"wp-image-502 size-large\" src=\"http:\/\/blog.caller-schweiz.de\/wp-content\/uploads\/2023\/08\/6_Muelsborn-2023-1024x768.jpg\" alt=\"\" width=\"676\" height=\"507\" srcset=\"http:\/\/blog.caller-schweiz.de\/wp-content\/uploads\/2023\/08\/6_Muelsborn-2023-1024x768.jpg 1024w, http:\/\/blog.caller-schweiz.de\/wp-content\/uploads\/2023\/08\/6_Muelsborn-2023-300x225.jpg 300w, http:\/\/blog.caller-schweiz.de\/wp-content\/uploads\/2023\/08\/6_Muelsborn-2023-768x576.jpg 768w, http:\/\/blog.caller-schweiz.de\/wp-content\/uploads\/2023\/08\/6_Muelsborn-2023-1536x1152.jpg 1536w, http:\/\/blog.caller-schweiz.de\/wp-content\/uploads\/2023\/08\/6_Muelsborn-2023-600x450.jpg 600w, http:\/\/blog.caller-schweiz.de\/wp-content\/uploads\/2023\/08\/6_Muelsborn-2023-945x709.jpg 945w, http:\/\/blog.caller-schweiz.de\/wp-content\/uploads\/2023\/08\/6_Muelsborn-2023.jpg 2048w\" sizes=\"auto, (max-width: 676px) 100vw, 676px\" \/><\/a><p id=\"caption-attachment-502\" class=\"wp-caption-text\">M\u00fclsborn 2023<\/p><\/div>\n<p>M\u00dcLSBORN bei <a href=\"https:\/\/de.wikipedia.org\/wiki\/M%C3%BClsborn\" target=\"_blank\" rel=\"noopener\"><em>Wikipedia<\/em><\/a><\/p>\n","protected":false},"excerpt":{"rendered":"<p>Wissenswertes und Geschichtliches aus M\u00fclsborn Seit 1217 wird die Adelsfamilie von Moldesborn genannt, die hier ihr Stammhaus hatte. Sie trug zeitweise auch den Beinamen Quaterland. \u00a0In einer Urkunde von 1385 geht es um einen Streit zwischen den Br\u00fcdern Cracht, Henniken&#8230; <a class=\"more-link\" href=\"http:\/\/blog.caller-schweiz.de\/?page_id=71\">Weiterlesen &rarr;<\/a><\/p>\n","protected":false},"author":1,"featured_media":0,"parent":0,"menu_order":0,"comment_status":"closed","ping_status":"open","template":"","meta":{"footnotes":""},"class_list":["post-71","page","type-page","status-publish","hentry"],"_links":{"self":[{"href":"http:\/\/blog.caller-schweiz.de\/index.php?rest_route=\/wp\/v2\/pages\/71","targetHints":{"allow":["GET"]}}],"collection":[{"href":"http:\/\/blog.caller-schweiz.de\/index.php?rest_route=\/wp\/v2\/pages"}],"about":[{"href":"http:\/\/blog.caller-schweiz.de\/index.php?rest_route=\/wp\/v2\/types\/page"}],"author":[{"embeddable":true,"href":"http:\/\/blog.caller-schweiz.de\/index.php?rest_route=\/wp\/v2\/users\/1"}],"replies":[{"embeddable":true,"href":"http:\/\/blog.caller-schweiz.de\/index.php?rest_route=%2Fwp%2Fv2%2Fcomments&post=71"}],"version-history":[{"count":7,"href":"http:\/\/blog.caller-schweiz.de\/index.php?rest_route=\/wp\/v2\/pages\/71\/revisions"}],"predecessor-version":[{"id":506,"href":"http:\/\/blog.caller-schweiz.de\/index.php?rest_route=\/wp\/v2\/pages\/71\/revisions\/506"}],"wp:attachment":[{"href":"http:\/\/blog.caller-schweiz.de\/index.php?rest_route=%2Fwp%2Fv2%2Fmedia&parent=71"}],"curies":[{"name":"wp","href":"https:\/\/api.w.org\/{rel}","templated":true}]}}

Mülsborn

<p><strong>Wissenswertes und Geschichtliches aus Mülsborn</strong></p>
<p>Seit 1217 wird die Adelsfamilie von Moldesborn genannt, die hier ihr Stammhaus hatte. Sie trug zeitweise auch den Beinamen Quaterland.  In einer Urkunde von 1385 geht es um einen Streit zwischen den Brüdern Cracht, Henniken und Hinrich von Muldesbern mit dem Stift Meschede um der Markzehnten. Man einigt sich auf einen Vergleich. 1539 wird ein Thonies Schaden von „muldesbern“ erwähnt. Im 16./17. Jahrhundert bestand die Bauernschaft Mülsborn aus drei freien Höfen und dem Rittergut Mülsborn. Der Hof Kümmecke soll der älteste gewesen sein. Das Rittergut gelangte 1601 in den Besitz von Heinrich von Westphalen, der zur gleichen Zeit auch das Rittergut „Haus Laer“ erwarb. Seitdem sind beide Güter miteinander verbunden. Beim Hof Kümmecke ging die Erbschaft mehrere Generationen lang auf die Töchter über. Die Besitzer nahmen aber weiterhin den Hofnamen „auf der Kümmecke“ an. Zuletzt erwarben die Grafen von Westphalen den Hof mit allen Ländereien und auch dem Wald. Ein um 1920 erstelltes koloriertes Foto zeigt das wohl um 1600 erbaute Haupthaus mit dem tief gezogenen Strohdach. Das Gebäude wurde 1925 abgerissen.</p>
<div style="width: 1034px" class="wp-caption alignnone"><img loading="lazy" decoding="async" src="http://blog.caller-schweiz.de/wp-content/uploads/2023/08/5_Haus-Kuemmecke-um-1920-1024x719.jpg" alt="" width="1024" height="719" /><p class="wp-caption-text">Haus Kümmecke um 1920</p></div>
<p>Auf dem Gutshof der Grafen von Westphalen wird keine Landwirtschaft mehr betrieben. Die Gebäude werden in jüngster Zeit renoviert und für Wohnzwecke hergerichtet.</p>
<p>Zum Gut gehört auch die Kapelle. Sie wurde von dem Grafen Friedrich Wilhelm L.B. von Westphalen gegründet und ist aus Bruchsteinen erbaut. Schutzpatron ist der hl. Johannes von Nepomuk. Sie wurde 1733 eingeweiht. Gemäß von Stiftungen aus dem Jahr 1779 wurden jährlich drei Messen gelesen. Aufgrund einer weiteren Stiftung wurde auch eine Messe am Namenfest des Schutzpatrons gelesen. Hatte Pfarrer Luigs noch 1847 den totalen Verfall der Kapelle beklagt, war sie 1852 wieder völlig hergestellt.</p>
<div style="width: 1034px" class="wp-caption alignnone"><img loading="lazy" decoding="async" src="http://blog.caller-schweiz.de/wp-content/uploads/2023/08/4_Johannes-Nepomuk-Kapelle-auf-dem-Gutshof-um-1950-1024x689.jpg" alt="" width="1024" height="689" /><p class="wp-caption-text">Johannes-Nepomuk-Kapelle auf dem Gutshof um 1950</p></div>
<p>Um 1960 setzte in Mülsborn eine rege Bautätigkeit ein. Joh. Arens richtete in seinem Neubau eine Gastwirtschaft ein, die er später umbauen ließ und verpachtete. Im Volksmund wurde sie „Bockbar“ genannt. In Mülsborn wurde bis in die 60er Jahre der Ziegenbock gehalten. Wegen des starken Geruchs musste der Stall abseits von den Wohnhäusern stehen.</p>
<div style="width: 1034px" class="wp-caption alignnone"><img loading="lazy" decoding="async" src="http://blog.caller-schweiz.de/wp-content/uploads/2023/08/1_Muelsborn-mit-alter-Bockstation-vor-1960-1024x703.jpg" alt="" width="1024" height="703" /><p class="wp-caption-text">Mülsborn mit alter Bockstation vor 1960</p></div>
<div id="attachment_498" style="width: 686px" class="wp-caption alignnone"><a style="display: inline !important;" href="http://blog.caller-schweiz.de/wp-content/uploads/2023/08/2_Gemeindevertretung-Calle-mit-Buergermeister-Willi-Grewe-bei-der-neuen-Bockstation-scaled.jpg"><img loading="lazy" decoding="async" aria-describedby="caption-attachment-498" class="wp-image-498 size-large" src="http://blog.caller-schweiz.de/wp-content/uploads/2023/08/2_Gemeindevertretung-Calle-mit-Buergermeister-Willi-Grewe-bei-der-neuen-Bockstation-1024x664.jpg" alt="" width="676" height="438" srcset="http://blog.caller-schweiz.de/wp-content/uploads/2023/08/2_Gemeindevertretung-Calle-mit-Buergermeister-Willi-Grewe-bei-der-neuen-Bockstation-1024x664.jpg 1024w, http://blog.caller-schweiz.de/wp-content/uploads/2023/08/2_Gemeindevertretung-Calle-mit-Buergermeister-Willi-Grewe-bei-der-neuen-Bockstation-300x194.jpg 300w, http://blog.caller-schweiz.de/wp-content/uploads/2023/08/2_Gemeindevertretung-Calle-mit-Buergermeister-Willi-Grewe-bei-der-neuen-Bockstation-768x498.jpg 768w, http://blog.caller-schweiz.de/wp-content/uploads/2023/08/2_Gemeindevertretung-Calle-mit-Buergermeister-Willi-Grewe-bei-der-neuen-Bockstation-1536x996.jpg 1536w, http://blog.caller-schweiz.de/wp-content/uploads/2023/08/2_Gemeindevertretung-Calle-mit-Buergermeister-Willi-Grewe-bei-der-neuen-Bockstation-2048x1327.jpg 2048w, http://blog.caller-schweiz.de/wp-content/uploads/2023/08/2_Gemeindevertretung-Calle-mit-Buergermeister-Willi-Grewe-bei-der-neuen-Bockstation-600x389.jpg 600w, http://blog.caller-schweiz.de/wp-content/uploads/2023/08/2_Gemeindevertretung-Calle-mit-Buergermeister-Willi-Grewe-bei-der-neuen-Bockstation-945x613.jpg 945w" sizes="auto, (max-width: 676px) 100vw, 676px" /></a><p id="caption-attachment-498" class="wp-caption-text">Gemeindevertretung Calle mit Bürgermeister Willi Grewe bei der neuen Bockstation</p></div>
<p>1978 zog der Klavierbaubetrieb Michael Wenmakers in das „Neubaugebiet“ von Mülsborn. Als Klavierstimmer war er über die Grenzen des Sauerlandes bekannt. Er handelte mit Klavieren und betrieb eine eigene Reparaturwerkstatt.</p>
<div id="attachment_499" style="width: 686px" class="wp-caption alignnone"><a style="display: inline !important;" href="http://blog.caller-schweiz.de/wp-content/uploads/2023/08/3_Muelsborn-um-1980.jpg"><img loading="lazy" decoding="async" aria-describedby="caption-attachment-499" class="wp-image-499 size-large" src="http://blog.caller-schweiz.de/wp-content/uploads/2023/08/3_Muelsborn-um-1980-1024x700.jpg" alt="" width="676" height="462" srcset="http://blog.caller-schweiz.de/wp-content/uploads/2023/08/3_Muelsborn-um-1980-1024x700.jpg 1024w, http://blog.caller-schweiz.de/wp-content/uploads/2023/08/3_Muelsborn-um-1980-300x205.jpg 300w, http://blog.caller-schweiz.de/wp-content/uploads/2023/08/3_Muelsborn-um-1980-768x525.jpg 768w, http://blog.caller-schweiz.de/wp-content/uploads/2023/08/3_Muelsborn-um-1980-1536x1050.jpg 1536w, http://blog.caller-schweiz.de/wp-content/uploads/2023/08/3_Muelsborn-um-1980-600x410.jpg 600w, http://blog.caller-schweiz.de/wp-content/uploads/2023/08/3_Muelsborn-um-1980-945x646.jpg 945w, http://blog.caller-schweiz.de/wp-content/uploads/2023/08/3_Muelsborn-um-1980.jpg 1752w" sizes="auto, (max-width: 676px) 100vw, 676px" /></a><p id="caption-attachment-499" class="wp-caption-text">Mülsborn um 1980</p></div>
<div id="attachment_502" style="width: 686px" class="wp-caption alignnone"><a style="display: inline !important;" href="http://blog.caller-schweiz.de/wp-content/uploads/2023/08/6_Muelsborn-2023.jpg"><img loading="lazy" decoding="async" aria-describedby="caption-attachment-502" class="wp-image-502 size-large" src="http://blog.caller-schweiz.de/wp-content/uploads/2023/08/6_Muelsborn-2023-1024x768.jpg" alt="" width="676" height="507" srcset="http://blog.caller-schweiz.de/wp-content/uploads/2023/08/6_Muelsborn-2023-1024x768.jpg 1024w, http://blog.caller-schweiz.de/wp-content/uploads/2023/08/6_Muelsborn-2023-300x225.jpg 300w, http://blog.caller-schweiz.de/wp-content/uploads/2023/08/6_Muelsborn-2023-768x576.jpg 768w, http://blog.caller-schweiz.de/wp-content/uploads/2023/08/6_Muelsborn-2023-1536x1152.jpg 1536w, http://blog.caller-schweiz.de/wp-content/uploads/2023/08/6_Muelsborn-2023-600x450.jpg 600w, http://blog.caller-schweiz.de/wp-content/uploads/2023/08/6_Muelsborn-2023-945x709.jpg 945w, http://blog.caller-schweiz.de/wp-content/uploads/2023/08/6_Muelsborn-2023.jpg 2048w" sizes="auto, (max-width: 676px) 100vw, 676px" /></a><p id="caption-attachment-502" class="wp-caption-text">Mülsborn 2023</p></div>
<p>MÜLSBORN bei <a href="https://de.wikipedia.org/wiki/M%C3%BClsborn" target="_blank" rel="noopener"><em>Wikipedia</em></a></p>

<p>Wissenswertes und Geschichtliches aus Mülsborn Seit 1217 wird die Adelsfamilie von Moldesborn genannt, die hier ihr Stammhaus hatte. Sie trug zeitweise auch den Beinamen Quaterland.  In einer Urkunde von 1385 geht es um einen Streit zwischen den Brüdern Cracht, Henniken&#8230; <a class="more-link" href="http://blog.caller-schweiz.de/?page_id=71">Weiterlesen &rarr;</a></p>
