{"id":2,"date":"2015-05-07T05:24:08","date_gmt":"2015-05-07T05:24:08","guid":{"rendered":"http:\/\/localhost\/wordpress\/?page_id=2"},"modified":"2016-10-31T15:41:01","modified_gmt":"2016-10-31T13:41:01","slug":"sample-page","status":"publish","type":"page","link":"http:\/\/blog.caller-schweiz.de\/?page_id=2","title":{"rendered":"Heimat- und Ortsgemeinschaft"},"content":{"rendered":"<h5><span style=\"text-decoration: underline;\"><strong><em>Aus der WAZ vom 13.03.2009:<\/em><\/strong><\/span><\/h5>\n<p><strong>Heimat- und Ortsgemeinschaft gegr\u00fcndet<\/strong><\/p>\n<div id=\"attachment_277\" style=\"width: 310px\" class=\"wp-caption alignleft\"><a href=\"http:\/\/blog.caller-schweiz.de\/wp-content\/uploads\/2015\/05\/IMG_0096.jpg\"><img loading=\"lazy\" decoding=\"async\" aria-describedby=\"caption-attachment-277\" class=\"wp-image-277 size-medium\" src=\"http:\/\/blog.caller-schweiz.de\/wp-content\/uploads\/2015\/05\/IMG_0096-300x225.jpg\" alt=\"img_0096\" width=\"300\" height=\"225\" srcset=\"http:\/\/blog.caller-schweiz.de\/wp-content\/uploads\/2015\/05\/IMG_0096-300x225.jpg 300w, http:\/\/blog.caller-schweiz.de\/wp-content\/uploads\/2015\/05\/IMG_0096-768x576.jpg 768w, http:\/\/blog.caller-schweiz.de\/wp-content\/uploads\/2015\/05\/IMG_0096-1024x768.jpg 1024w, http:\/\/blog.caller-schweiz.de\/wp-content\/uploads\/2015\/05\/IMG_0096-945x709.jpg 945w, http:\/\/blog.caller-schweiz.de\/wp-content\/uploads\/2015\/05\/IMG_0096-600x450.jpg 600w\" sizes=\"auto, (max-width: 300px) 100vw, 300px\" \/><\/a><p id=\"caption-attachment-277\" class=\"wp-caption-text\">Ludger Stentenbach &#8211; Martin Rickert &#8211; Martin Eickelmann (v. links)<\/p><\/div>\n<p>Sie wollen die Heimatpflege f\u00f6rdern, Natur und Landschaft pflegen sowie kulturelle Veranstaltungen im Sinne der Heimatarbeit f\u00f6rdern.<\/p>\n<p>In den Ortschaften Calle, Wallen, M\u00fclsborn, Sch\u00fcren, Stesse und Vo\u00dfwinkel haben sich die Vereinsvorsitzenden der \u00f6rtlichen Vereine zu einer Heimat- und Ortsgemeinschaft zusammengeschlossen. Den Vorstand bilden der Ortsvorsteher Martin Eickelmann als Vorsitzender, Martin Rickert als Gesch\u00e4ftsf\u00fchrer und Ludger Stentenbach als Schriftf\u00fchrer. Die Gemeinschaft steht f\u00fcr jeden offen, der sich mit den satzungsm\u00e4\u00dfigen Zielen identifiziert und das d\u00f6rflichen Leben mitgestalten m\u00f6chte. Gemeinschaftsprojekte der Ortschaften sollen &#8211; wie derzeit der Kapellenrundweg &#8211; initiiert und umgesetzt werden um die Lebensqualit\u00e4t in den D\u00f6rfern zu erhalten und zu steigern. Die Gemeinschaft verfolgt das Ziel, die vorhandenen Kr\u00e4fte zu b\u00fcndeln und neue Mitb\u00fcrger f\u00fcr die Arbeit in den Ortschaften zu gewinnen.<\/p>\n","protected":false},"excerpt":{"rendered":"<p>Aus der WAZ vom 13.03.2009: Heimat- und Ortsgemeinschaft gegr\u00fcndet Sie wollen die Heimatpflege f\u00f6rdern, Natur und Landschaft pflegen sowie kulturelle Veranstaltungen im Sinne der Heimatarbeit f\u00f6rdern. In den Ortschaften Calle, Wallen, M\u00fclsborn, Sch\u00fcren, Stesse und Vo\u00dfwinkel haben sich die Vereinsvorsitzenden&#8230; <a class=\"more-link\" href=\"http:\/\/blog.caller-schweiz.de\/?page_id=2\">Weiterlesen &rarr;<\/a><\/p>\n","protected":false},"author":1,"featured_media":0,"parent":0,"menu_order":0,"comment_status":"closed","ping_status":"open","template":"","meta":{"footnotes":""},"class_list":["post-2","page","type-page","status-publish","hentry"],"_links":{"self":[{"href":"http:\/\/blog.caller-schweiz.de\/index.php?rest_route=\/wp\/v2\/pages\/2","targetHints":{"allow":["GET"]}}],"collection":[{"href":"http:\/\/blog.caller-schweiz.de\/index.php?rest_route=\/wp\/v2\/pages"}],"about":[{"href":"http:\/\/blog.caller-schweiz.de\/index.php?rest_route=\/wp\/v2\/types\/page"}],"author":[{"embeddable":true,"href":"http:\/\/blog.caller-schweiz.de\/index.php?rest_route=\/wp\/v2\/users\/1"}],"replies":[{"embeddable":true,"href":"http:\/\/blog.caller-schweiz.de\/index.php?rest_route=%2Fwp%2Fv2%2Fcomments&post=2"}],"version-history":[{"count":7,"href":"http:\/\/blog.caller-schweiz.de\/index.php?rest_route=\/wp\/v2\/pages\/2\/revisions"}],"predecessor-version":[{"id":281,"href":"http:\/\/blog.caller-schweiz.de\/index.php?rest_route=\/wp\/v2\/pages\/2\/revisions\/281"}],"wp:attachment":[{"href":"http:\/\/blog.caller-schweiz.de\/index.php?rest_route=%2Fwp%2Fv2%2Fmedia&parent=2"}],"curies":[{"name":"wp","href":"https:\/\/api.w.org\/{rel}","templated":true}]}}

<h5><span style="text-decoration: underline;"><strong><em>Aus der WAZ vom 13.03.2009:</em></strong></span></h5>
<p><strong>Heimat- und Ortsgemeinschaft gegründet</strong></p>
<div id="attachment_277" style="width: 310px" class="wp-caption alignleft"><a href="http://blog.caller-schweiz.de/wp-content/uploads/2015/05/IMG_0096.jpg"><img loading="lazy" decoding="async" aria-describedby="caption-attachment-277" class="wp-image-277 size-medium" src="http://blog.caller-schweiz.de/wp-content/uploads/2015/05/IMG_0096-300x225.jpg" alt="img_0096" width="300" height="225" srcset="http://blog.caller-schweiz.de/wp-content/uploads/2015/05/IMG_0096-300x225.jpg 300w, http://blog.caller-schweiz.de/wp-content/uploads/2015/05/IMG_0096-768x576.jpg 768w, http://blog.caller-schweiz.de/wp-content/uploads/2015/05/IMG_0096-1024x768.jpg 1024w, http://blog.caller-schweiz.de/wp-content/uploads/2015/05/IMG_0096-945x709.jpg 945w, http://blog.caller-schweiz.de/wp-content/uploads/2015/05/IMG_0096-600x450.jpg 600w" sizes="auto, (max-width: 300px) 100vw, 300px" /></a><p id="caption-attachment-277" class="wp-caption-text">Ludger Stentenbach &#8211; Martin Rickert &#8211; Martin Eickelmann (v. links)</p></div>
<p>Sie wollen die Heimatpflege fördern, Natur und Landschaft pflegen sowie kulturelle Veranstaltungen im Sinne der Heimatarbeit fördern.</p>
<p>In den Ortschaften Calle, Wallen, Mülsborn, Schüren, Stesse und Voßwinkel haben sich die Vereinsvorsitzenden der örtlichen Vereine zu einer Heimat- und Ortsgemeinschaft zusammengeschlossen. Den Vorstand bilden der Ortsvorsteher Martin Eickelmann als Vorsitzender, Martin Rickert als Geschäftsführer und Ludger Stentenbach als Schriftführer. Die Gemeinschaft steht für jeden offen, der sich mit den satzungsmäßigen Zielen identifiziert und das dörflichen Leben mitgestalten möchte. Gemeinschaftsprojekte der Ortschaften sollen &#8211; wie derzeit der Kapellenrundweg &#8211; initiiert und umgesetzt werden um die Lebensqualität in den Dörfern zu erhalten und zu steigern. Die Gemeinschaft verfolgt das Ziel, die vorhandenen Kräfte zu bündeln und neue Mitbürger für die Arbeit in den Ortschaften zu gewinnen.</p>

<p>Aus der WAZ vom 13.03.2009: Heimat- und Ortsgemeinschaft gegründet Sie wollen die Heimatpflege fördern, Natur und Landschaft pflegen sowie kulturelle Veranstaltungen im Sinne der Heimatarbeit fördern. In den Ortschaften Calle, Wallen, Mülsborn, Schüren, Stesse und Voßwinkel haben sich die Vereinsvorsitzenden&#8230; <a class="more-link" href="http://blog.caller-schweiz.de/?page_id=2">Weiterlesen &rarr;</a></p>
